{"id":114455,"date":"2026-04-20T14:05:04","date_gmt":"2026-04-20T14:05:04","guid":{"rendered":"https:\/\/northern-cyprus-property.com\/property\/sole-agent-3-yatak-odali-bahce-katli-daire-sea-terra-bay\/"},"modified":"2026-04-20T14:05:04","modified_gmt":"2026-04-20T14:05:04","slug":"sole-agent-3-yatak-odali-bahce-katli-daire-sea-terra-bay","status":"publish","type":"property","link":"https:\/\/northern-cyprus-property.com\/tr\/property\/sole-agent-3-yatak-odali-bahce-katli-daire-sea-terra-bay\/","title":{"rendered":"SOLE AGENT 3 yatak odal\u0131 bah\u00e7e katl\u0131 daire &#8211; Sea Terra Bay"},"content":{"rendered":"<p>Tatl\u0131su, Sea Terra Bay&#8217;de bulunan bu geni\u015f ve modern 3 yatak odal\u0131 zemin kat dairesi, hem aileler hem de yat\u0131r\u0131mc\u0131lar i\u00e7in m\u00fckemmel k\u0131y\u0131 ya\u015fam\u0131 sunar. Do\u011frudan sahil eri\u015fimi ve zengin olanaklarla ta\u015f\u0131nmaya haz\u0131rd\u0131r. <\/p>\n<p>Durum: Ta\u015f\u0131nmaya Haz\u0131r Konum: Sea Terra Bay, Tatl\u0131su, Kuzey K\u0131br\u0131s<\/p>\n<p>Modern Konfor ve Ayr\u0131cal\u0131kl\u0131 K\u0131y\u0131 Ya\u015fam\u0131<\/p>\n<p>Konum Avantajlar\u0131<\/p>\n<p>Plaj Eri\u015fimi: Projeye sadece birka\u00e7 ad\u0131m uzakl\u0131ktaki \u00f6zel plaj eri\u015fimi.<\/p>\n<p>Havaalan\u0131: Ercan Havaliman\u0131&#8217;na sadece 35 km uzakl\u0131kta (Aktarma hizmeti mevcuttur).<\/p>\n<p>Turistik Yerler: Korineum Plaj\u0131&#8217;na 2,1 km ve Venedik Kolonu&#8217;na 41 km.<\/p>\n<p>M\u00fclk \u00d6zellikleri<\/p>\n<p>Geni\u015f Ya\u015fam Alan\u0131: 3 yatak odas\u0131 ve 2 banyosu olan konforlu ve mahremiyette odakl\u0131 bir d\u00fczen.<\/p>\n<p>Modern Mutfak: Bula\u015f\u0131k makinesi ve f\u0131r\u0131n dahil modern cihazlarla tam donan\u0131ml\u0131.<\/p>\n<p>D\u0131\u015f Alan: Do\u011frudan eri\u015fimi olan \u00f6zel teras, a\u00e7\u0131k havada yemek ve dinlenme i\u00e7in idealdir.<\/p>\n<p>Site Olanaklar\u0131<\/p>\n<p>Y\u00fczme Havuzu: Yaz aylar\u0131n\u0131n tad\u0131n\u0131 \u00e7\u0131karmak i\u00e7in b\u00fcy\u00fck ortak havuz.<\/p>\n<p>G\u00fcvenlik ve Park: 7\/24 g\u00fcvenlik hizmeti ve \u00fccretsiz \u00f6zel otopark.<\/p>\n<p>Yat\u0131r\u0131m F\u0131rsat\u0131 Kuzey K\u0131br\u0131s&#8217;\u0131n h\u0131zla de\u011ferlenen emlak piyasas\u0131nda, Sea Terra Bay&#8217;in sundu\u011fu k\u0131y\u0131 ayr\u0131cal\u0131klar\u0131yla y\u00fcksek kira potansiyeli ve sermaye de\u011feri sa\u011flayan benzersiz bir f\u0131rsat.<\/p>\n<p>Bir par\u00e7a cennete sahip olma f\u0131rsat\u0131n\u0131 ka\u00e7\u0131rmay\u0131n.<\/p>\n<p>Randevu ve detaylar i\u00e7in DM ile bizimle hemen ileti\u015fime ge\u00e7in.<\/p>\n<p>Tatl\u0131su, Sea Terra Bay&#8217;de l\u00fcks 3+1 zemin kat dairesi, sahil kenar\u0131nda \u00f6zel plaj eri\u015fimi, ortak havuzu ve ta\u015f\u0131nmaya haz\u0131r bir daire. Yat\u0131r\u0131m i\u00e7in ideal f\u0131rsat! <\/p>\n<p>Tatl\u0131su&#8217;da sahilden sadece birka\u00e7 ad\u0131m uzakl\u0131kta, tam donan\u0131ml\u0131 3+1 bir daire ve b\u00fcy\u00fck teras\u0131 sizi bekliyor.<\/p>\n<p>\u00d6zel Plaj<br \/>\nOrtak Havuzu<br \/>\n7\/24 G\u00fcvenlik<\/p>\n<p>Kuzey K\u0131br\u0131s&#8217;\u0131n en prestijli projelerinden birinde yerinizi al\u0131n! Detaylar i\u00e7in mesaj. <\/p>\n","protected":false},"excerpt":{"rendered":"<p>Tatl\u0131su, Sea Terra Bay&#8217;de bulunan bu geni\u015f ve modern 3 yatak odal\u0131 zemin kat dairesi, hem aileler hem de yat\u0131r\u0131mc\u0131lar i\u00e7in m\u00fckemmel k\u0131y\u0131 ya\u015fam\u0131 sunar. Do\u011frudan sahil eri\u015fimi ve zengin olanaklarla ta\u015f\u0131nmaya haz\u0131rd\u0131r. Durum: Ta\u015f\u0131nmaya Haz\u0131r Konum: Sea Terra Bay, Tatl\u0131su, Kuzey K\u0131br\u0131s Modern Konfor ve Ayr\u0131cal\u0131kl\u0131 K\u0131y\u0131 Ya\u015fam\u0131 Konum Avantajlar\u0131 Plaj Eri\u015fimi: Projeye sadece [&hellip;]<\/p>\n","protected":false},"author":4,"featured_media":114493,"parent":0,"menu_order":0,"template":"","property_type":[442],"property_status":[423],"property_feature":[563,562,446],"property_label":[478],"property_country":[421],"property_state":[],"property_city":[420],"property_area":[553],"class_list":["post-114455","property","type-property","status-publish","has-post-thumbnail","hentry","property_type-apartmanlar","property_status-satilik","property_feature-dag-manzarasi","property_feature-deniz-manzarasi","property_feature-yuzme-havuzu","property_label-tek-temsilci-ozel-lisitng","property_country-kuzey-kibris","property_city-girne","property_area-tatlisu"],"property_meta":{"rank_math_internal_links_processed":["1"],"_last_translation_edit_mode":["translation-editor"],"fave_featured":["0"],"houzez_featured_listing_date":[""],"fave_property_images":["112972","112976","112973","112979","112977","112950","112951","112952","112953","112954","112955","112956","112957","112958","112959","112960","112961","112962","112963","112964","112965","112966","112967","112968","112969","112970","112971","112974","112975","112978"],"fave_agent_display_option":["agent_info"],"fave_agents":["110507"],"_top_nav_excluded":[""],"_cms_nav_minihome":[""],"fave_property_price":["120000"],"fave_property_size":["100"],"fave_property_size_prefix":["m\u00b2"],"fave_property_land_postfix":["m\u00b2"],"fave_property_bedrooms":["3"],"fave_property_bathrooms":["2"],"fave_property_id":["SE432"],"fave_property_map":["1"],"fave_property_location":[""],"additional_features":["a:1:{i:0;a:2:{s:29:\"fave_additional_feature_title\";s:0:\"\";s:29:\"fave_additional_feature_value\";s:0:\"\";}}"],"floor_plans":["a:1:{i:0;a:8:{s:15:\"fave_plan_title\";s:0:\"\";s:15:\"fave_plan_rooms\";s:0:\"\";s:19:\"fave_plan_bathrooms\";s:0:\"\";s:15:\"fave_plan_price\";s:0:\"\";s:23:\"fave_plan_price_postfix\";s:0:\"\";s:14:\"fave_plan_size\";s:0:\"\";s:15:\"fave_plan_image\";s:0:\"\";s:21:\"fave_plan_description\";s:0:\"\";}}"],"_thumbnail_id":["114493"],"_wpml_word_count":["322"],"houzez_total_property_views":["4"],"houzez_views_by_date":["a:2:{s:10:\"04-25-2026\";i:1;s:10:\"04-26-2026\";i:3;}"],"houzez_recently_viewed":["2026-04-26 20:02:45"],"_elementor_page_assets":["a:0:{}"]},"_links":{"self":[{"href":"https:\/\/northern-cyprus-property.com\/tr\/wp-json\/wp\/v2\/properties\/114455","targetHints":{"allow":["GET"]}}],"collection":[{"href":"https:\/\/northern-cyprus-property.com\/tr\/wp-json\/wp\/v2\/properties"}],"about":[{"href":"https:\/\/northern-cyprus-property.com\/tr\/wp-json\/wp\/v2\/types\/property"}],"author":[{"embeddable":true,"href":"https:\/\/northern-cyprus-property.com\/tr\/wp-json\/wp\/v2\/users\/4"}],"version-history":[{"count":0,"href":"https:\/\/northern-cyprus-property.com\/tr\/wp-json\/wp\/v2\/properties\/114455\/revisions"}],"wp:featuredmedia":[{"embeddable":true,"href":"https:\/\/northern-cyprus-property.com\/tr\/wp-json\/wp\/v2\/media\/114493"}],"wp:attachment":[{"href":"https:\/\/northern-cyprus-property.com\/tr\/wp-json\/wp\/v2\/media?parent=114455"}],"wp:term":[{"taxonomy":"property_type","embeddable":true,"href":"https:\/\/northern-cyprus-property.com\/tr\/wp-json\/wp\/v2\/property_type?post=114455"},{"taxonomy":"property_status","embeddable":true,"href":"https:\/\/northern-cyprus-property.com\/tr\/wp-json\/wp\/v2\/property_status?post=114455"},{"taxonomy":"property_feature","embeddable":true,"href":"https:\/\/northern-cyprus-property.com\/tr\/wp-json\/wp\/v2\/property_feature?post=114455"},{"taxonomy":"property_label","embeddable":true,"href":"https:\/\/northern-cyprus-property.com\/tr\/wp-json\/wp\/v2\/property_label?post=114455"},{"taxonomy":"property_country","embeddable":true,"href":"https:\/\/northern-cyprus-property.com\/tr\/wp-json\/wp\/v2\/property_country?post=114455"},{"taxonomy":"property_state","embeddable":true,"href":"https:\/\/northern-cyprus-property.com\/tr\/wp-json\/wp\/v2\/property_state?post=114455"},{"taxonomy":"property_city","embeddable":true,"href":"https:\/\/northern-cyprus-property.com\/tr\/wp-json\/wp\/v2\/property_city?post=114455"},{"taxonomy":"property_area","embeddable":true,"href":"https:\/\/northern-cyprus-property.com\/tr\/wp-json\/wp\/v2\/property_area?post=114455"}],"curies":[{"name":"wp","href":"https:\/\/api.w.org\/{rel}","templated":true}]}}

SOLE AGENT 3 yatak odalı bahçe katlı daire &#8211; Sea Terra Bay

<p>Tatlısu, Sea Terra Bay&#8217;de bulunan bu geniş ve modern 3 yatak odalı zemin kat dairesi, hem aileler hem de yatırımcılar için mükemmel kıyı yaşamı sunar. Doğrudan sahil erişimi ve zengin olanaklarla taşınmaya hazırdır. </p>
<p>Durum: Taşınmaya Hazır Konum: Sea Terra Bay, Tatlısu, Kuzey Kıbrıs</p>
<p>Modern Konfor ve Ayrıcalıklı Kıyı Yaşamı</p>
<p>Konum Avantajları</p>
<p>Plaj Erişimi: Projeye sadece birkaç adım uzaklıktaki özel plaj erişimi.</p>
<p>Havaalanı: Ercan Havalimanı&#8217;na sadece 35 km uzaklıkta (Aktarma hizmeti mevcuttur).</p>
<p>Turistik Yerler: Korineum Plajı&#8217;na 2,1 km ve Venedik Kolonu&#8217;na 41 km.</p>
<p>Mülk Özellikleri</p>
<p>Geniş Yaşam Alanı: 3 yatak odası ve 2 banyosu olan konforlu ve mahremiyette odaklı bir düzen.</p>
<p>Modern Mutfak: Bulaşık makinesi ve fırın dahil modern cihazlarla tam donanımlı.</p>
<p>Dış Alan: Doğrudan erişimi olan özel teras, açık havada yemek ve dinlenme için idealdir.</p>
<p>Site Olanakları</p>
<p>Yüzme Havuzu: Yaz aylarının tadını çıkarmak için büyük ortak havuz.</p>
<p>Güvenlik ve Park: 7/24 güvenlik hizmeti ve ücretsiz özel otopark.</p>
<p>Yatırım Fırsatı Kuzey Kıbrıs&#8217;ın hızla değerlenen emlak piyasasında, Sea Terra Bay&#8217;in sunduğu kıyı ayrıcalıklarıyla yüksek kira potansiyeli ve sermaye değeri sağlayan benzersiz bir fırsat.</p>
<p>Bir parça cennete sahip olma fırsatını kaçırmayın.</p>
<p>Randevu ve detaylar için DM ile bizimle hemen iletişime geçin.</p>
<p>Tatlısu, Sea Terra Bay&#8217;de lüks 3+1 zemin kat dairesi, sahil kenarında özel plaj erişimi, ortak havuzu ve taşınmaya hazır bir daire. Yatırım için ideal fırsat! </p>
<p>Tatlısu&#8217;da sahilden sadece birkaç adım uzaklıkta, tam donanımlı 3+1 bir daire ve büyük terası sizi bekliyor.</p>
<p>Özel Plaj<br />
Ortak Havuzu<br />
7/24 Güvenlik</p>
<p>Kuzey Kıbrıs&#8217;ın en prestijli projelerinden birinde yerinizi alın! Detaylar için mesaj. </p>

<p>Tatlısu, Sea Terra Bay&#8217;de bulunan bu geniş ve modern 3 yatak odalı zemin kat dairesi, hem aileler hem de yatırımcılar için mükemmel kıyı yaşamı sunar. Doğrudan sahil erişimi ve zengin olanaklarla taşınmaya hazırdır. Durum: Taşınmaya Hazır Konum: Sea Terra Bay, Tatlısu, Kuzey Kıbrıs Modern Konfor ve Ayrıcalıklı Kıyı Yaşamı Konum Avantajları Plaj Erişimi: Projeye sadece [&hellip;]</p>
